 = q - 2. Let s(z) be the first derivative of -z**4/4 - 3*z**3 - 7*z**2 + 3*z + 87. Let t(l) = -s(l) - 6*v(l). Calculate t(-8).
9
Let a be -1*5 + (-18)/(-9). Let n(z) = 4*z + 1. Let g(r) = -1 + 34*r - 2 + 7 - 13*r. Let f(t) = 2*g(t) - 11*n(t). Calculate f(a).
3
Suppose 2*k = -g + 37, -6*g + 11 = k - 3*g. Let v be (8/5)/(8/k). Let l(w) = -179 + 178 - v*w**2 + 3*w + 3*w**2. Give l(1).
1
Suppose 4*d = 2*c - 283 + 305, 4*c + 4 = 3*d. Let l(v) be the second derivative of 35*v - 3/2*v**2 - 5/12*v**4 + 0 + 0*v**3 + 1/20*v**c. Calculate l(5).
-3
Let z(m) = -m + 9. Suppose 0*l - 5*x + 429 = 2*l, 5*l - 1119 = 3*x. Let j = l + -210. Determine z(j).
-3
Let f(w) = -11*w**3 + w**2 - 2*w + 2. Suppose -4*b = -2*l + 14, 221*l + 11 = 217*l - 5*b. Calculate f(l).
-10
Let q(u) = u**3 + 8*u**2 + u - 33. Let h be 3*(16 - (-550)/(-30)). Calculate q(h).
9
Let a(b) = 15*b**2 + 2*b + 9. Let u(r) = -13*r**2 - 2*r - 8. Suppose -2*o + 6 = -5*g - 3, -3*o + 16 = -5*g. Let v(c) = o*u(c) + 6*a(c). What is v(-4)?
-10
Suppose -4*j - j = i - 75, -2*j - 162 = -2*i. Let f = i + -77. Suppose d + 12 = 5*d + f*g, -3*g - 3 = -d. Let b(t) = -t**3 + 3*t**2 - t + 4. Calculate b(d).
1
Let u(z) = -116 - 104 - 104 - 3*z + 280. Determine u(-19).
13
Let q(v) = -v**2 + v + 3. Let o(m) = 5*m - 2. Let t(p) = o(p) + q(p). Let h(n) = n**3 + 11*n**2 + 15*n - 19. Let f be h(-9). Calculate t(f).
-15
Let t be (-2)/3 + 2380/60. Let i = 42 - t. Let a(q) = 2 + 2 + q**i - 6*q**2 + 2*q + q**2 - 7. Determine a(4).
-11
Let d be 3078/(-21) + (-8)/(-14). Let t = -136 - d. Let k(j) = -j**2 + 8*j + 12. Determine k(t).
-8
Suppose -4*t - 102 = 3*p, 5*t = 4*t + 3*p - 33. Let v be ((-4)/24*t - 4)*16. Let a(b) = b - 2. Determine a(v).
6
Let o(q) = 72*q + 78*q + 4*q**3 - 5*q**2 - 3*q**3 - 5*q**2 - 146*q + 31. Determine o(9).
-14
Let j(f) = -4*f**2 - 17. Let l(o) = 32 - 10*o**2 - 26*o**2 + 43*o**2 + o. Let h(y) = 5*j(y) + 3*l(y). What is h(0)?
11
Let f(t) be the third derivative of 7*t**6/60 - t**5/20 - t**4/12 - t**3/6 + 769*t**2. Determine f(-2).
-121
Suppose -2*z = -5*z + 54. Let r be z/(2/(-1))*-1. Let d(c) = 0*c**3 + 5*c**3 - 8*c**2 - 6*c - 4 - 2*c - 4*c**3. Give d(r).
5
Let k be (-11)/((-55)/6)*(-30)/(-12). Suppose -k*i - 2 = -z, -2*z - 6 = -5*i - 8. Let u(a) = -a**3 + 2*a**2 + 3*a. Determine u(i).
10
Suppose 0 = 4*m + 8, -3*x + 3*m = -m - 68. Let d be (-5)/x + 294/(-8). Let f = 43 + d. Let y(b) = b**2 - 5*b. What is y(f)?
6
Suppose -u + 3*u - 12 = 0. Let v(r) = 9 - 5*r**2 + r**3 + 11266*r + 11286*r - 22558*r. Give v(u).
9
Let o(c) be the first derivative of -9*c + 5*c**2 - 162 - 1/3*c**3. Calculate o(9).
0
Let w(s) = s**3 + 14*s**2 - 15*s + 1. Suppose 0 = 3*d + 9, 11 = 3*h + d - 22. Let i be (-6)/(-4)*-6 + h/(-2). Calculate w(i).
1
Let u(w) = w - 9. Let o(c) = 11*c**2 + 6*c - 5. Let q be o(1). Let i(r) = -14*r + q + 37 + 34*r - 13*r. Let s be i(-6). What is u(s)?
-2
Let g(w) = -w**3 + 18*w**2 + 2*w + 4. Let p(q) = -q**3 + 24*q**2 + 2*q + 5. Let v(c) = 4*g(c) - 3*p(c). Determine v(-1).
0
Suppose 4*q + 4*w = q + 42, 70 = 5*q + w. Let h = q + -31. Let x be 2/h - 196/68. Let b(t) = t**3 + 5*t**2 + 2*t - 2. Give b(x).
10
Let h(w) = -13*w**2 + 4*w + 4. Let n(b) be the first derivative of 28*b**3/3 - 9*b**2/2 - 9*b + 132. Let p(l) = 5*h(l) + 2*n(l). Determine p(-2).
-38
Let t(s) = s**2 - 7*s + 2. Let o = -44 + 58. Suppose 2*n - 36 = -o. Suppose -10 = -5*v - 3*u - u, 0 = -v + u + n. Determine t(v).
-4
Let j = 13 + 16. Let a be (-8)/(-10) - j/5. Let c(s) = -s**2 - 3*s + 4. Give c(a).
-6
Let f(p) = 4*p**2 + 91*p + 6. Let z(q) = 9*q**2 + 192*q + 12. Let s(t) = 15*f(t) - 7*z(t). Calculate s(7).
6
Let t(x) = x**2 - 7*x + 9. Let p be t(7). Suppose 3*y - p = -3. Let c(a) = -16074 + 16071 - 22*a + 25*a. Determine c(y).
3
Suppose 66*i = 72*i. Let b(j) = -j**3 - 2*j**2 - 3*j + 73. Give b(i).
73
Let u(i) be the third derivative of 5*i**4/24 - 17*i**3/6 + 3*i**2 - 93. What is u(7)?
18
Let m(h) = -h**2 + 20*h + 9. Let s be m(-13). Let f = s - -426. Let i(y) = y**3 - 7*y**2 + 6*y - 8. What is i(f)?
-8
Let m(w) be the second derivative of 0 + 21*w + 7/2*w**2 + 1/6*w**3. Let j be m(-12). Let p(l) = l**2 + l + 2. Give p(j).
22
Suppose -19*l - 609 = -3041. Let h = l - 131. Let g(t) be the third derivative of -t**6/120 - t**5/20 + t**4/12 - t**3/3 + t**2. Give g(h).
-8
Let f = -90 + 91. Let u(v) = -3*v + 1. Let r(g) = -10*g + 7. Let i(s) = f*r(s) - 3*u(s). Calculate i(-3).
7
Let b(i) = 2*i + i**3 - 4*i**2 + 3*i**3 - i**3 + 1. Suppose -65*l + 14*l = -374*l + 646. Give b(l).
13
Let l(h) = -7*h**3 + 1. Suppose -2*v = -v - 3, u - 4*v = -18. Let j = -71 - -69. Let d be 0 + (j - 2) - u/2. Calculate l(d).
8
Let m(z) = -7*z**2 - 16*z - z**2 + 37*z + 2*z**2. Let g be m(3). Let t(v) be the first derivative of v**2/2 - 2*v - 1. Calculate t(g).
7
Let v(g) = 39*g + 123. Let k be v(-21). Let u = -702 - k. Let d(h) = h**2 + 10*h - 6. What is d(u)?
-30
Let k(g) = 2 - 2*g + 0 + g + 6. Let q be k(14). Let a(r) be the second derivative of -r**4/12 - r**3 - 4*r**2 - 43*r + 1. Calculate a(q).
-8
Suppose 65 - 41 = 12*g. Let n be (-40)/(-10)*g/(-2). Let q(h) = -h**2 - h + 5. Determine q(n).
-7
Let d(w) = 204*w - 1209. Let a(i) = -10*i + 59. Let s(p) = -41*a(p) - 2*d(p). Let v be (-2)/3*(-3)/(-2). What is s(v)?
-3
Let s(n) = -4*n**3 + 8*n**2 - 3*n - 1. Let c be -1*((-3)/(-2) + 126/(-28)). Let j(i) = -11*i**3 + 23*i**2 - 8*i - 4. Let b(m) = c*j(m) - 8*s(m). Give b(5).
-4
Let a(l) be the second derivative of l**5/20 + 5*l**4/6 + 7*l**3/3 - 23*l**2 + 12057*l. Calculate a(-8).
-30
Suppose 29*g = 25*g + 8. Suppose 2*s = -5*i + 10, g*i - 2*s = -i + 6. Suppose -n - h + 4*h - 11 = 0, 0 = -i*n + h - 2. Let t(p) = -10*p + 1. Give t(n).
-9
Suppose 0 = -2*r + 2, 0 = 3*u - 2*r + 21 + 23. Let w = u + 13. Let l(z) be the third derivative of 7*z**5/15 + z**4/12 + z**3/6 - z**2 - 27. Determine l(w).
27
Let u(y) = -7649*y**2 - 11*y + 7651*y**2 + 19*y - 10. Give u(2).
14
Let v(q) = -q**2 - 20*q + 21. Let b be v(-22). Let t(k) = -2*k - 33. What is t(b)?
13
Let d(n) = 3*n. Let b(p) be the third derivative of -p**4/8 - 2*p**3/3 + 135*p**2. Let v(j) = -b(j) - 2*d(j). Determine v(4).
-8
Let f(z) be the first derivative of 2*z**3/3 + 11*z**2/2 - 6*z + 2370. Calculate f(-6).
0
Let p = 35 - 32. Let v(x) = 2*x**3 - x**2 - 2*x - 3. Let a be v(p). Suppose -d + a = 4*w + d, -w + 5*d = -9. Let y(m) = -m**2 + 10*m - 6. Calculate y(w).
3
Suppose 151 = -25*z + 251. Suppose -3*t + 18 = 7*m - z*m, -4*m = 3*t - 21. Let f(l) = -5*l + 8. What is f(t)?
-7
Let q(x) = -108*x - 1. Let d = -1948 - -1947. Give q(d).
107
Let m(c) = 18*c**2 - 2*c**2 - 11*c**2 + 25 - 6*c**2 - 3*c + 10. Calculate m(5).
-5
Let r(b) = b**3 + 8*b**2 - 12*b - 30. Let z(n) = 2*n**3 + 17*n**2 - 25*n - 60. Let l(w) = 5*r(w) - 3*z(w). Give l(-12).
-6
Let t(x) = x**2 - 9*x + 4. Let d(o) = 4*o**2 + o - 4. Let a be (-3 + 0/1)*(-19 + 18). Let p be d(a). Suppose 40*b - p*b - 35 = 0. Determine t(b).
-10
Let p(o) = 12*o - 42. Suppose 2*f = -2*d + 8, -3*f - 5*d + 17 = -7*d. Determine p(f).
18
Let h be -2*(1 + -2) + (-3 - -6). Let d(m) = h*m + 4 + 0 - m. Suppose -12 = 2*u - 2*k, -6*k + 3*k = -5*u - 24. Determine d(u).
-8
Let x(a) = -10*a - 54. Let w(d) = -7. Let v(h) = -w(h) - x(h). Calculate v(-6).
1
Let c = 23491 + -23495. Let h(r) = 16*r + 59. Give h(c).
-5
Let g be 336/(-63) - 14/(-6). Let p(k) be the first derivative of k**4/4 + 2*k**3/3 - 2*k**2 + 5*k - 2. Let i(f) = -1. Let j(t) = g*i(t) - p(t). Give j(-4).
14
Let i(m) = 7*m + 1431 - 445 - 448 - 405. Calculate i(-21).
-14
Let u(y) = -10 - 18*y - 809*y**2 - 590*y**2 + 1398*y**2. What is u(-17)?
7
Suppose 73 = 5*h - 3*d, -3*h + 1410 - 1353 = -4*d. Let q(f) = -6*f**2 + 64*f + 6. Give q(h).
-16
Let a(g) = 7*g**2 - 552*g - 83. Let b be a(79). Suppose -s = 2 - 4. Let x(l) = s + 1 + 3*l + 2. What is x(b)?
-7
Let s = 16555 + -16553. Let w(a) = 2*a**3 - 4*a**2 + 27*a - 45. Calculate w(s).
9
Let l(w) be the third derivative of 1/6*w**4 + 0*w - 1/360*w**6 + 1/24*w**5 + 0 - 3*w**3 + 15*w**2. Let a(r) be the first derivative of l(r). Determine a(5).
4
Let r(j) = -41*j**3 - 5*j**2 - 14*j - 11. Let g(f) = 34*f**3 + 3*f**2 + 13*f + 10. Let y(a) = -6*g(a) - 5*r(a). Give y(-8).
-5
Let w be (5*(-21)/(-140))/((-2)/(-8)). Let x(r) = w*r**3 - 9*r**3 + 0*r + 9 + 8*r**2 - 3*r + 7*r**3. Give x(-8).
33
Let j